y(27).
-89
Let p(k) = k**2 + 25*k + 135. Determine p(-11).
-19
Let v(q) = -40*q - 275. Calculate v(-6).
-35
Let o(s) = 3*s**3 - 57*s**2 - 99*s + 40. Calculate o(-2).
-14
Let t(j) = -j**3 - 20*j**2 - 101*j - 146. Calculate t(-13).
-16
Let a(n) = -4*n**3 - 41*n**2 - 192*n - 1830. Determine a(-10).
-10
Let z(i) = i**2 - 63*i + 824. Determine z(18).
14
Let q(z) = -74*z + 528. What is q(7)?
10
Let c(g) = -g**2 + 387*g - 2283. What is c(6)?
3
Let q(a) = 9232*a - 46165. Determine q(5).
-5
Let t(f) = -3*f**2 + 7*f - 28. Determine t(8).
-164
Let z(d) = -2*d**3 - 6*d**2 - d + 1. Give z(1).
-8
Let c(g) = -g**3 - 15*g**2 + 247*g - 78. Calculate c(-25).
-3
Let f(i) = i**3 - 11*i**2 - 6*i - 20. Calculate f(11).
-86
Let m(x) = -13*x - 5. Determine m(7).
-96
Let c(l) = -471*l + 32. Determine c(0).
32
Let a(k) = -k**3 + 27*k**2 - 121*k + 252. Determine a(22).
10
Let i(d) = -8*d**2 + 7*d + 722. What is i(10)?
-8
Let x(w) = 397*w - 65115. Give x(164).
-7
Let g(y) = y**2 - 14*y - 31. Calculate g(15).
-16
Let z(j) = j**2 - 124*j + 2405. Give z(100).
5
Let o(u) = 712*u + 85435. What is o(-120)?
-5
Let r(p) = -5*p**3 + 31*p**2 - 130*p + 747. Calculate r(6).
3
Let n(w) = -296*w + 2065. Determine n(7).
-7
Let j(a) = -4*a**3 + a**2 - 13*a + 30. Calculate j(2).
-24
Let v(n) = -n**2 - 171*n + 6569. Give v(32).
73
Let w(c) = -4*c**3 + 28*c**2 - 2*c - 11. What is w(7)?
-25
Let f(p) = -160*p + 1556. Calculate f(9).
116
Let y(r) = 7*r**3 + 8*r**2 - 13*r + 8. What is y(2)?
70
Let a(k) = 3*k**3 + 11*k**2 - 5*k - 27. Calculate a(-3).
6
Let r(j) = -23*j**2 - 84*j + 135. Determine r(-5).
-20
Let h(y) = -11*y**3 - 748*y**2 - 32. Determine h(-68).
-32
Let h(q) = 41*q - 4352. What is h(106)?
-6
Let u(o) = 2*o**3 - 18*o**2 - o + 18. Determine u(8).
-118
Let k(u) = u**3 + 3*u**2 - 149*u + 10. Calculate k(-14).
-60
Let b(p) = -3*p**2 - 54*p - 17. Give b(-15).
118
Let j(l) = -3*l**2 + 4*l + 128. Determine j(-5).
33
Let x(l) = -165*l + 117. What is x(-3)?
612
Let l(n) = 17*n - 232. What is l(11)?
-45
Let a(d) = 4*d**2 + 322*d + 1073. Give a(-77).
-5
Let s(a) = a**3 - 64*a**2 - 199*a - 137. Give s(67).
-3
Let y(i) = i**2 - 55*i - 3029. What is y(89)?
-3
Let y(w) = 14*w + 310. Calculate y(3).
352
Let m(c) = -c**3 - 11*c**2 + 31*c + 7. What is m(-10)?
-403
Let b(j) = j**2 - 179*j - 5917. What is b(-28)?
-121
Let s(o) = 45*o**3 - 4*o**2 + 34*o - 91. Determine s(3).
1190
Let q(h) = 2*h**3 - 607*h**2 - 3399*h - 3. What is q(309)?
-3
Let c(j) = j**2 + 74*j + 1027. What is c(-18)?
19
Let j(w) = 2*w**2 + 43*w - 193. Give j(5).
72
Let f(x) = -203*x - 2135. Give f(-10).
-105
Let q(t) = -3*t**3 - t + 123. What is q(0)?
123
Let b(i) = 3*i**2 - 103*i + 294. Determine b(31).
-16
Let k(m) = -2*m**3 - 4*m**2 + 26*m + 23. Determine k(-5).
43
Let p(f) = f**3 - 20*f**2 - 21*f - 35. Determine p(21).
-35
Let z(h) = -h**3 - 3*h**2 + 19*h + 57. Calculate z(-5).
12
Let o(n) = -5*n**2 - n + 29. Give o(-5).
-91
Let h(x) = -3008*x + 84228. What is h(28)?
4
Let f(t) = 245*t + 9568. What is f(-39)?
13
Let o(w) = 241*w - 957. Calculate o(4).
7
Let i(v) = -v**3 + 10*v**2 + 451*v - 3746. Give i(8).
-10
Let p(h) = 107*h**2 - 283*h + 2. What is p(3)?
116
Let x(y) = 48*y**2 + 1539*y + 50. What is x(-32)?
-46
Let h(s) = 2*s**2 + 32*s - 114. Give h(-19).
0
Let a(v) = v**3 - 21*v**2 - 157*v + 710. Determine a(26).
8
Let b(w) = -22*w**2 + w + 13. What is b(2)?
-73
Let g(c) = 154*c + 1403. What is g(-9)?
17
Let l(f) = -5*f - 174. Calculate l(16).
-254
Let z(u) = 13*u**3 + 103*u**2 - u + 56. What is z(-8)?
0
Let s(k) = -32*k - 1305. Determine s(-40).
-25
Let t(o) = 9*o - 89. Determine t(15).
46
Let h(r) = 6*r**2 + 43*r - 155. Give h(-11).
98
Let n(s) = -136*s + 1495. Determine n(11).
-1
Let u(q) = -59*q**2 + 589*q + 15. Determine u(10).
5
Let t(s) = -213*s + 1487. Determine t(7).
-4
Let n(y) = 12*y**3 - 143*y**2 - 31*y + 230. What is n(12)?
2
Let w(k) = 439*k + 4386. Give w(-10).
-4
Let r(n) = 3*n**2 + 8*n - 89. Determine r(-11).
186
Let v(i) = 41*i + 4383. Give v(-106).
37
Let i(b) = -25*b - 270. What is i(-10)?
-20
Let x(m) = m**3 - 31*m**2 + 50*m + 255. Determine x(29).
23
Let o(m) = -2*m**2 + 5*m - 86. Calculate o(-9).
-293
Let h(g) = 153*g + 611. Give h(-4).
-1
Let d(j) = -41*j - 95. Determine d(-3).
28
Let x(p) = -p**3 - 17*p**2 - 69*p - 23. What is x(-4)?
45
Let j(w) = -50*w - 262. Calculate j(-7).
88
Let y(o) = o**2 + 61*o + 277. Determine y(-5).
-3
Let b(v) = -22*v + 41. Determine b(-7).
195
Let h(w) = 63*w - 654. What is h(7)?
-213
Let t(y) = 75*y - 295. What is t(4)?
5
Let l(o) = -108*o + 1546. Give l(14).
34
Let r(x) = 23*x**2 - 223*x + 24. Determine r(8).
-288
Let f(o) = 481*o + 7209. Determine f(-15).
-6
Let f(v) = 566*v - 1137. Give f(2).
-5
Let y(n) = 3*n - 134. Give y(14).
-92
Let b(v) = v**2 + 1884*v - 5640. Calculate b(3).
21
Let k(h) = 11*h**2 + 939*h - 629. What is k(-86)?
-27
Let q(m) = 5*m + 37. Determine q(36).
217
Let t(f) = 18*f + 89. Determine t(8).
233
Let z(j) = -5*j**3 + 34*j**2 - 22*j - 6. What is z(6)?
6
Let k(a) = a**3 + 5*a**2 - 65*a + 22. What is k(4)?
-94
Let f(u) = 915*u + 41169. Determine f(-45).
-6
Let k(d) = 2*d**3 - 3*d**2 - 13*d + 3. Determine k(6).
249
Let x(b) = -3*b + 52. Determine x(2).
46
Let i(j) = j**2 - 42*j - 56. What is i(14)?
-448
Let m(j) = -105*j**2 + 318*j + 8. Give m(3).
17
Let x(v) = v**2 - 211*v + 1629. Determine x(8).
5
Let h(m) = 36*m**2 - 291*m + 292. Determine h(1).
37
Let m(d) = -13*d - 575. Calculate m(-42).
-29
Let c(f) = -166*f - 347. Calculate c(-2).
-15
Let a(f) = 13*f - 205. Determine a(-21).
-478
Let s(c) = -2*c**2 - 23*c + 83. Give s(7).
-176
Let h(y) = y**3 + 13*y**2 - 38*y + 169. Give h(-16).
9
Let n(y) = 488*y - 219. Calculate n(0).
-219
Let b(i) = -19*i + 187. Determine b(11).
-22
Let o(t) = -181*t + 510. Determine o(3).
-33
Let q(s) = s**2 - 125*s - 1346. What is q(-10)?
4
Let w(n) = 2*n**3 - 3*n**2 + n + 3. What is w(4)?
87
Let i(y) = 898*y - 19800. Give i(22).
-44
Let m(w) = w**3 - 60*w**2 + 129*w - 651. What is m(58)?
103
Let d(k) = -69*k + 1095. Determine d(16).
-9
Let u(q) = 2*q**3 - q**2 - 5*q + 2. Calculate u(5).
202
Let b(n) = -n**3 + 139*n**2 + 275*n + 985. What is b(141)?
-2
Let w(m) = m**3 + 55*m**2 + 14*m - 4894. Calculate w(-53).
-18
Let v(n) = n**3 + 28*n**2 + 27*n - 78. Determine v(-27).
-78
Let d(j) = -8*j**3 - 6*j**2 - 6*j - 1. What is d(-3)?
179
Let q(j) = 9*j**2 + 73*j - 317. Give q(-11).
-31
Let f(x) = x**3 - 9*x**2 - 11*x + 6. Determine f(4).
-118
Let t(w) = w**3 - 50*w**2 - 107*w + 74. Calculate t(52).
-82
Let d(t) = 96*t - 1285. Calculate d(13).
-37
Let m(t) = 46*t**2 - 355*t - 110. Determine m(8).
-6
Let r(v) = -9*v**3 + 278*v**2 + 38*v - 49. What is r(31)?
168
Let n(l) = 866*l - 13852. Calculate n(16).
4
Let q(v) = -2*v**3 + 17*v**2 - 41*v + 255. Give q(8).
-9
Let b(g) = 42*g - 86. What is b(-6)?
-338
Let v(n) = n**3 - 36*n**2 - 75*n - 32. Calculate v(38).
6
Let i(a) = -a**3 - 52*a**2 - 188*a - 128. Determine i(-48).
-320
Let d(q) = -3782*q + 52947. Determine d(14).
-1
Let w(k) = 18*k + 311. What is w(-22)?
-85
Let d(c) = 11*c + 535. What is d(-50)?
-15
Let t(b) = -b**3 + 94*b**2 - 457*b + 39. Give t(5).
-21
Let o(j) = -j**3 - 24*j**2 + 47*j - 124. What is o(-26)?
6
Let r(o) = -15*o**3 + 3*o**2 + 4*o - 2. Give r(-2).
122
Let t(l) = -3*l**2 + 23*l + 482. What is t(17)?
6
Let o(g) = -g**3 + 47*g**2 - 8*g + 276. Give o(47).
-100
Let k(h) = -13*h**2 + 98*h - 97. Calculate k(1).
-12
Let g(q) = -94*q**2 + 569*q - 33. Give g(6).
-3
Let x(h) = 4*h**2 + h - 305. Give x(11).
190
Let j(w) = w**2 - 897*w + 33452. Calculate j(39).
-10
Let z(d) = d**2 + 132*d + 2078. What is z(-111)?
-253
Let w(x) = 4*x**2 + 121*x + 20. Determine w(-30).
-10
Let h(u) = 2*u**2 - 137*u + 897. Give h(7).
36
Let f(u) = -11*u**3 - 12*u**2 + 10*u + 15. Calculate f(-2).
35
Let s(o) = 8*o**2 + 247*o + 1175. Calculate s(-25).
0
Let z(l) = -l**2 + 5*l + 88. Determine z(-7).
4
Let r(a) = 24*a - 32. Give r(-6).
-176
Let n(y) = 27*y + 386. What is n(-17)?
-73
Let k(i) = -2*i**3 - 13*i**2 - 15*i - 15. Calculate k(-2).
-21
Let l(s) = 130*s + 1441. Calculate l(-11).
11
Let p(j) = -3*j**2 + 4*j - 11. Determine p(3).
-26
Let v(q) = 22*q**2 + 10*q + 19. Give v(-1).
31
Let w(a) = a**3 - a**2 - 11*a - 15. Determine w(-4).
-51
Let f(d) = -d**3 + 20*d**2 - 42*d + 1. Determine 